t g(t) = 3243*t + 97306. Give g(-30).
16
Let t(p) = -p**3 - 21*p**2 + 825*p + 11212. What is t(-12)?
16
Let g(v) = -4*v**3 + 35*v**2 - 97*v - 12. What is g(5)?
-122
Let g(f) = 47332*f - 1562052. Give g(33).
-96
Let v(c) = 144003*c - 2880063. Calculate v(20).
-3
Let z(t) = 62*t + 2643. What is z(-52)?
-581
Let o(c) = -56268*c + 112369. What is o(2)?
-167
Let c(t) = 10497*t + 41910. Calculate c(-4).
-78
Let c(w) = 2285*w**2 + 31854*w - 19. Determine c(-14).
1885
Let b(s) = 125*s - 2363. Give b(11).
-988
Let r(h) = 25*h**2 - 22125*h - 66383. Give r(-3).
217
Let k(g) = -35*g**3 - 3503*g**2 - 320*g - 2020. Give k(-100).
-20
Let x(m) = 50*m + 2438. What is x(-26)?
1138
Let g(p) = -4103*p + 623651. Give g(152).
-5
Let k(f) = 2587*f**2 - 64682*f + 89. Determine k(25).
-86
Let c(w) = 86852*w + 694819. Determine c(-8).
3
Let n(o) = 138*o**2 - 603*o - 43140. What is n(20)?
0
Let u(w) = -27*w + 88. Give u(-6).
250
Let r(j) = -2863*j**2 - 18*j - 36. Calculate r(0).
-36
Let u(r) = 14550*r - 218245. Determine u(15).
5
Let v(s) = 104*s - 4308. Determine v(64).
2348
Let l(t) = 142*t**2 + 54*t + 244. Determine l(0).
244
Let j(v) = -v**3 - 12*v**2 + 99*v + 112. What is j(-16)?
-448
Let v(o) = 247821*o - 2230386. Calculate v(9).
3
Let i(n) = n**3 - 674*n**2 + 37389*n + 248. Give i(61).
4
Let w(o) = -16*o**2 - 1629*o - 9802. Determine w(-6).
-604
Let o(c) = -14*c**3 + 89*c**2 - 20*c + 59. Give o(6).
119
Let j(r) = r**2 - 34680*r - 1527856. Give j(-44).
0
Let b(g) = 4*g**3 + 95*g**2 + 7*g - 188. Calculate b(-24).
-932
Let p(w) = -7*w**2 - 66*w - 423. Determine p(-16).
-1159
Let h(o) = o**2 + 2286*o - 177071. Give h(75).
4
Let j(h) = -h**3 - 8*h**2 - 6857*h - 47946. Give j(-7).
4
Let r(g) = 8744*g - 40595. What is r(5)?
3125
Let t(i) = -17543*i + 105362. Calculate t(6).
104
Let v(w) = -60*w**3 - 5*w**2 + 487*w + 1545. What is v(-3)?
1659
Let u(w) = -26*w**3 - 187*w**2 + 9*w + 58. Determine u(-7).
-250
Let z(k) = -918*k**2 - 7435*k - 704. What is z(-8)?
24
Let y(q) = q**3 + 132*q**2 + 543*q + 3940. What is y(-128)?
-28
Let x(y) = -12*y**2 + 1422*y - 2789. Calculate x(2).
7
Let b(z) = -z**3 + 72*z**2 - 1004*z - 400. Calculate b(53).
-241
Let y(w) = 2*w**3 + w**2 + 39*w - 100. Give y(0).
-100
Let r(l) = -6*l**2 - 711*l + 1344. What is r(-121)?
-471
Let f(v) = -4*v**3 - 2081*v**2 - 2094*v - 12. What is f(-1)?
5
Let s(u) = -u**3 + 6*u**2 + 36*u - 220. Calculate s(5).
-15
Let l(c) = c**3 + 18*c**2 + 2016*c + 49023. Calculate l(-23).
10
Let s(q) = -6*q**2 + 1868*q + 31465. What is s(-16)?
41
Let j(n) = 309*n - 16218. Determine j(52).
-150
Let n(c) = 1148*c - 70081. Determine n(62).
1095
Let y(l) = -2*l**3 - 75*l**2 + 128*l - 363. What is y(-39)?
-792
Let z(p) = -7871*p + 125822. Give z(16).
-114
Let y(w) = 8*w**2 + 859*w - 37969. Determine y(-141).
-40
Let i(y) = -3*y**2 - 760*y + 35877. Calculate i(-294).
9
Let g(i) = 9617*i**2 + 96182*i - 9. What is g(-10)?
-129
Let v(w) = 7000*w - 56025. Determine v(8).
-25
Let m(z) = -z**2 - 524*z + 15979. What is m(30)?
-641
Let z(k) = -k**2 + 18348*k - 18349. What is z(1)?
-2
Let y(u) = 139*u**2 - 2562*u + 1066. Determine y(18).
-14
Let c(h) = -760*h + 7957. What is c(11)?
-403
Let u(j) = -2*j**3 - 739*j**2 + 1836*j - 8932. Give u(-372).
-4
Let p(y) = 4*y**3 - 157*y**2 + 251*y - 2278. What is p(38)?
40
Let a(y) = -244110*y + 1708761. What is a(7)?
-9
Let m(u) = -u**3 - 168*u**2 + 67433*u - 14248. What is m(-357)?
32
Let k(f) = -f**3 + 56*f**2 - 271*f + 438. Give k(51).
-378
Let v(n) = 20*n**3 + 175*n**2 + 705*n + 9. Determine v(-4).
-1291
Let w(p) = -p**3 - 468*p**2 + 2103*p - 123975. Give w(-473).
-49
Let o(n) = -n**3 + n**2 + 97*n + 2283. Determine o(0).
2283
Let y(g) = -36*g**2 + 790*g - 706. Calculate y(21).
8
Let j(y) = -y**3 + 66*y**2 + 60*y + 516. Give j(67).
47
Let k(m) = -26*m**2 + 92*m + 800. Calculate k(-8).
-1600
Let w(n) = 259*n + 765. Give w(-5).
-530
Let d(n) = n**3 - 303*n**2 - 202*n - 31017. Calculate d(304).
-9
Let m(y) = 2216*y - 97840. Give m(45).
1880
Let q(c) = -c**3 - 419*c**2 - 17806*c + 118. Determine q(-48).
22
Let j(r) = 395*r + 3873. Give j(-8).
713
Let r(z) = -17*z**3 + 4*z**2 - 454*z - 937. Determine r(-2).
123
Let y(l) = l**3 - 14*l**2 - 42*l + 808. Calculate y(11).
-17
Let j(m) = -229714*m - 689139. Determine j(-3).
3
Let j(f) = 252827*f - 1264140. Determine j(5).
-5
Let t(k) = -k**3 + 9*k**2 - 4188*k + 24998. Determine t(6).
-22
Let b(u) = -6*u**2 - 139*u + 523. Give b(-28).
-289
Let o(h) = -38*h**2 + 32016*h - 16835. What is o(842)?
5
Let r(v) = v**2 + 54*v + 367. Determine r(-45).
-38
Let r(h) = 723*h + 104106. Give r(-144).
-6
Let c(k) = 47*k**2 + 1816*k - 7252. What is c(4)?
764
Let s(g) = -2*g**3 - 25*g**2 + 22*g - 604. Give s(-14).
-324
Let b(c) = 3*c**3 - 51*c**2 + 5*c + 27. Give b(5).
-848
Let l(a) = -262*a + 516. Calculate l(-14).
4184
Let k(q) = -98*q**3 - 2*q**2 + 156*q + 489. Give k(-3).
2649
Let z(i) = -i**2 - 381*i - 14200. Give z(-42).
38
Let r(m) = 3*m**2 - 163*m - 35281. Give r(139).
25
Let n(i) = i**2 - 2908*i + 89196. Determine n(31).
9
Let k(q) = -12*q**2 + 1359*q - 4078. Give k(3).
-109
Let z(n) = -2*n**3 + 28*n**2 - 119*n - 15. Determine z(12).
-867
Let n(g) = 40707*g - 610599. Give n(15).
6
Let q(g) = 7078320*g + 56626565. Calculate q(-8).
5
Let t(g) = -108*g**3 - 99*g**2 - 1451*g - 1452. Calculate t(-1).
8
Let z(t) = -427*t + 16501. Calculate z(39).
-152
Let k(r) = -2*r**2 + 1414*r + 72196. Determine k(-48).
-284
Let j(f) = f**3 - 20*f**2 - 128*f + 2952. What is j(18)?
0
Let b(l) = -l**2 - 9883*l + 59306. Determine b(6).
-28
Let r(h) = -489*h - 6551. Calculate r(-15).
784
Let j(o) = -5870*o + 1485089. Determine j(253).
-21
Let d(r) = -2*r**3 + 4*r**2 + 1408*r + 1443. Give d(-25).
-7
Let w(l) = -2*l**2 + 399*l + 77987. Give w(321).
-16
Let z(m) = 724*m + 10663. Give z(-15).
-197
Let t(f) = 22*f**2 - 516*f + 255. Give t(23).
25
Let h(r) = -r**3 - 132*r**2 - 702*r - 92769. Calculate h(-132).
-105
Let k(m) = 4*m**3 + 156*m**2 - 103*m - 2521. Determine k(-39).
1496
Let v(o) = -o**3 - 10*o**2 - 44*o - 299. Calculate v(-6).
-179
Let k(a) = -4*a - 286. Calculate k(-33).
-154
Let v(m) = -m**3 - 30*m**2 - 118*m - 440. Give v(-15).
-2045
Let z(d) = 1829*d**2 + 84133*d - 21. What is z(-46)?
25
Let y(x) = 12*x**2 + 2407*x + 4810. Calculate y(-2).
44
Let p(a) = 2157*a - 791635. What is p(367)?
-16
Let g(k) = -2*k**2 - 60*k - 2516. Calculate g(-26).
-2308
Let r(w) = -244*w - 9786. Calculate r(-40).
-26
Let j(b) = -21*b**3 - 11*b**2 + 145*b - 252. Calculate j(2).
-174
Let o(l) = -2*l**3 - 1061*l**2 + 6976*l - 2689. What is o(-537)?
-4
Let o(q) = -21*q**3 - 1297*q**2 + 1643*q + 315. What is o(-63)?
0
Let n(c) = c**3 - 4*c**2 + 16*c - 343. Determine n(10).
417
Let v(o) = -2*o**3 - 5*o**2 + 847*o + 7265. Give v(-11).
5
Let o(s) = 4*s**2 + 4603*s + 3437. Calculate o(-1150).
-13
Let f(w) = -2978*w + 267981. Calculate f(90).
-39
Let s(k) = -k**2 - 345*k - 37. What is s(0)?
-37
Let l(s) = s**3 + 3*s**2 + 21. What is l(-7)?
-175
Let a(v) = 90941*v - 10821978. Calculate a(119).
1
Let t(j) = 12*j**2 - 1620*j - 1616. Give t(-1).
16
Let k(j) = 206*j - 6798. Give k(36).
618
Let w(f) = -68*f**2 - 6335*f - 169. Calculate w(-93).
854
Let b(q) = 5759*q + 28931. Give b(-5).
136
Let r(v) = -76794*v - 153598. Calculate r(-2).
-10
Let w(s) = 102201*s - 204353. Determine w(2).
49
Let w(g) = -g**3 + 39*g**2 + 215*g - 5399. Give w(41).
54
Let c(b) = 2*b**3 + 34*b**2 + 134*b - 36. Determine c(-11).
-58
Let c(d) = 2*d**2 + 76*d + 1195. Give c(-24).
523
Let h(i) = -1314*i - 42901. Determine h(-33).
461
Let a(j) = 4732*j - 23651. What is a(5)?
9
Let m(u) = -1073*u + 2117. What is m(2)?
-29
Let x(j) = j**3 + 32*j**2 - 97*j - 42. What is x(-35)?
-322
Let l(s) = 644*s**3 - 72*s**2 - 65*s + 1. Give l(-1).
-650
Let z(r) = -r**3 + 137*r**2 - 3768*r + 590. Calculate z(99).
-4
Let a(w) = -w**3 + 187*w**2 - 1932*w - 711. What is a(176)?
-7
Let n(s) = 3703*s - 63283. Give n(17).
-332
Let u(r) = 3*r**3 + 17*r**2 + 39*r - 12. Give u(-3).
-57
Let w(c) = -9196*c + 91983. What is w(10)?
23
Let w(h) = h**3 - 17*h**2 + 41*h - 46. Determine w(20).
1974
Let v(u) = -u**3 - 15*u**2 + 3221*u + 16324. Give v(-5).
-31
Let v(p) = -p**3 - 167*p**2 - 318*p + 2024. Determine v(-165).
44
Let t(l) = 18*l - 438. Determine t(77).
948
Let s(i) = -4